ivided by (4/(-12))/(x/(-6))*7.
6
Let n(c) = 4*c - c**2 + 2*c**2 - c + 0*c**2. Suppose 3*b + 29 - 242 = 0. Calculate the remainder when b is divided by n(-6).
17
Let z(d) = -25*d + 1. Suppose -3*w + 1 = a - 4*w, -5*a + 3*w + 1 = 0. Calculate the remainder when 51 is divided by z(a).
25
Let a(z) = -z**3 - 9*z**2 + 10*z + 9. Let y = -4 - -5. What is the remainder when (y + -2)/((-2)/70) is divided by a(-10)?
8
Let b(c) = -c**3 + 48*c**2 - 2*c + 178. Calculate the remainder when b(48) is divided by 28.
26
Suppose 0 = -5*s - 59 + 299. What is the remainder when 141 is divided by s?
45
Suppose -4*l + 85 = l. Suppose 0 = 2*u + 2*u - 476. Let p = u + -54. What is the remainder when p is divided by l?
14
Suppose -108 = -5*d + 282. Let z(s) = -2*s**3 - 3*s**2 - s - 3. Calculate the remainder when d is divided by z(-3).
24
Let z = 2 + 8. Let v be (4/10)/(z/250). Suppose 315 = 5*a - 5*u, -5*u = v + 15. What is the remainder when a is divided by 15?
13
Suppose -5*q + 49 = -3*i + 2*i, 5*i + 157 = 3*q. Let z = 41 + i. Calculate the remainder when 42 is divided by z.
6
Let f = -802 + 827. Let v = 172 - -100. What is the remainder when v is divided by f?
22
Let h(i) = -24*i + 3. Let y be h(-2). Let z = y - 27. Calculate the remainder when 89 is divided by z.
17
Let n be (-2*(-2)/(-16))/((-8)/1888). Let o = 84 - n. What is the remainder when o is divided by 15?
10
Let g = -3 + 1. Let p be 2*g/4*-4. Let h = 2 + p. What is the remainder when 9 is divided by h?
3
Suppose 0 = 3*m - 131 - 16. Suppose -192 = -4*d - 4*b, d + 5*b - m = 3*b. Calculate the remainder when d is divided by 16.
15
Let v = 11 + -9. Let k(o) = 4*o + 3. Let d(r) = -4*r - 3. Let q(m) = v*d(m) + 3*k(m). Calculate the remainder when q(7) is divided by 8.
7
Let k(j) = -j**3 + 10*j**2 - 10. Let g be k(10). Let x = g - -13. What is the remainder when 2 is divided by 1 - 1*x/(-3)?
0
Suppose -6 + 1 = -4*h + 3*y, -3*h + 2*y + 5 = 0. Suppose 4*r + 62 = l, 23 = h*l + 5*r - 187. What is the remainder when l is divided by 17?
12
Let b(p) = 2*p**2 + p + 47. Let i be b(0). Let c = 80 - i. Suppose 4*g = -g + h + 55, c = 3*g + 4*h. What is the remainder when g is divided by 4?
3
Let o = 1997 - 1991. What is the remainder when o is divided by 6?
0
What is the remainder when 173 is divided by 1*(759/11 + 4)?
27
Let g(t) = 8*t - 46. Let b = 7 + 1. Let f(u) = 2*u**2 - 2*u - 7. What is the remainder when f(-5) is divided by g(b)?
17
Let b = -22 - -39. Let c be ((-116)/(-24))/(1/6). Let u = c + -22. Calculate the remainder when b is divided by u.
3
Let c(n) = -6*n. Let g be c(-4). Suppose -30 = -25*l + g*l. Suppose -b + l = -8. What is the remainder when 149 is divided by b?
35
Suppose 48*q + 5*x = 44*q + 3628, 0 = 4*q - 3*x - 3596. Calculate the remainder when q is divided by 114.
104
Suppose -4*c = -2*c - 5*u + 15, -5*c - 5*u = 90. What is the remainder when (5 - 2)*5/(c/(-8)) is divided by 4?
0
What is the remainder when (1 + 8 - 6)/(9/93) is divided by 30?
1
Let u = 50 - 45. Suppose 4*k - 14 = -2*d, u*k + 0*k = 3*d - 54. Let g = -38 - -101. What is the remainder when g is divided by d?
11
Let z(m) = -m**2 - 6*m + 33. Calculate the remainder when 61 is divided by z(-5).
23
Let s(m) = -5*m**2 + 19*m - 1. Let h be s(4). Calculate the remainder when 442/(((-6)/(-15))/(h/(-25))) is divided by 28.
25
Let i(n) = n - 1. Let k(j) = -j**2 - 9*j - 5. Let t(l) = -2*i(l) + k(l). Calculate the remainder when t(-10) is divided by 3.
1
Suppose h - 2*y = 3, 35 + 19 = 5*h + 3*y. Calculate the remainder when ((-1845)/(-20))/h + (-2)/8 is divided by 7.
3
Suppose 0 = 9*o - 234 + 54. What is the remainder when 59 is divided by o?
19
Let r(m) = -m**2 - 12*m - 5. Let v be r(-11). Let n be ((-49)/(-21))/((-2)/12). Calculate the remainder when 18 is divided by n*(2 + (-15)/v).
4
Suppose -14 = -w - l + 125, -2*w + 283 = l. What is the remainder when w is divided by 37?
33
Suppose -2*j - 66 = -78. What is the remainder when 30 is divided by j?
0
Calculate the remainder when (30/3)/(2/(-16)*-2) is divided by (-16)/(-3) + 4/6.
4
Let r = -11 - -100. What is the remainder when r is divided by 18?
17
Let w = -162 - -121. Let g = w + 74. Let k = -1 - -13. Calculate the remainder when g is divided by k.
9
Suppose 111 - 25 = 3*w - 5*h, 5*w = 2*h + 156. What is the remainder when w is divided by 17?
15
Suppose 2*f = 66 - 20. What is the remainder when 85 is divided by f?
16
Let o(r) = -9 - 6 + 29*r**2 + 3*r + 17. What is the remainder when 109 is divided by o(-1)?
25
Suppose 0 = h - 4, 5*m + h - 4*h = 103. Let j(y) = 10*y - 2. What is the remainder when j(7) is divided by m?
22
Let d(y) = -11*y + 4 + 27*y + 4*y**2 - 18*y. Calculate the remainder when d(-3) is divided by 12.
10
Let z = -7 + 18. Suppose 11*w - 8*w - 3 = 0. What is the remainder when z is divided by (-55)/(-11) + w + -2?
3
Calculate the remainder when 244 is divided by 27 + (-21)/3 - 7.
10
Let h = 4 + -9. Let y(r) be the second derivative of r**4/4 + r**3/6 - 11*r**2/2 - 229*r. What is the remainder when y(h) is divided by 20?
19
Let q(w) = -w**3 + 22*w**2 + 24*w - 19. Let c be q(23). Let i(x) = x**2. What is the remainder when i(c) is divided by 10?
6
Let k(v) = -18*v - 254. What is the remainder when k(-16) is divided by 6?
4
Suppose -3*r + 53 = -4*z - 51, -5*z = 3*r - 113. Suppose -72 = -4*i + r. What is the remainder when 78 is divided by i?
24
Let h(m) = m**3 - 5*m**2 - 2*m - 5. Let l be h(6). Let s(b) = 6*b - 19. What is the remainder when s(l) is divided by 24?
23
What is the remainder when 201 is divided by ((-20)/4 - (-16 + 2)) + 3?
9
Let p = 8 - -6. Let l(a) = -45*a + 24. Let d be l(4). Let j = d - -194. What is the remainder when j is divided by p?
10
Let z = -108 + 164. Suppose 0 = 4*d + 4*k - z, 4*d + 3*k = -d + 60. What is the remainder when 43 is divided by d?
7
Let b = 6580 + -6572. Let y(m) = -m**3 + 2*m**2 - m - 1. Calculate the remainder when y(-3) is divided by b.
7
Suppose -6*r - 71 = -7*r - w, -w - 309 = -4*r. Let h(x) = -x - 3. Let c be h(-6). Calculate the remainder when 3 + r + c/(-3) is divided by 20.
18
Suppose 110 + 157 = 3*z. Calculate the remainder when z is divided by 26.
11
Suppose 2*v + 62 = 4*g, -18*g + 16*g = -5*v - 19. What is the remainder when 146 is divided by g?
10
Let x(k) = k**3 + 10*k**2 + 8*k - 9. Let i be x(-9). Suppose -2*v = 2*y - i*y - 32, 0 = -3*y + 2*v + 33. What is the remainder when 23 is divided by y?
10
Let v(f) = f**3 + 7*f + 8*f**2 + 9*f**2 - 11*f**2 + 0 + 1. Calculate the remainder when v(-4) is divided by 2.
1
Let v(a) = 6*a**2 + 3*a + 4. Let y be v(-2). Let h = 47 - y. Calculate the remainder when (4 - 6)*h/(-2) is divided by 9.
7
Let h be -4 - (3 - 16) - 4. Suppose -h*a + 12 = -8*a. Calculate the remainder when a/(-6) + 615/9 is divided by 18.
15
Suppose l + 5*x = -6 - 30, -2*l = -3*x + 20. Let i = l - -27. Let q(r) = -4*r**3 + 24*r**2 - 9*r - 12. Calculate the remainder when q(5) is divided by i.
10
Let p(d) = -2*d**2 - 4*d - 3. Let l be p(-2). Let h(w) = w**3 + 2*w**2 - 3*w. Let n be h(l). Calculate the remainder when (3 - n)*119/21 is divided by 6.
5
Suppose -6700 = -m - 24*m. Calculate the remainder when m is divided by 71.
55
Let s(h) be the second derivative of h**4/12 - h**3 - 3*h**2 - 3*h. What is the remainder when s(10) is divided by 18?
16
Let s(r) = -r**3 - 21*r**2 - 23*r - 36. Suppose -5*a + 0*a - 100 = 0. What is the remainder when 66 is divided by s(a)?
18
Let g(m) = -15*m - 212. What is the remainder when g(-29) is divided by 58?
49
Suppose 11*d - 8*d = 0. What is the remainder when 3 - 3 - d - -1*45 is divided by 23?
22
Let c(o) be the third derivative of o**4/12 + 5*o**3/6 - o**2. Suppose -15*f = 467 - 572. Calculate the remainder when 75 is divided by c(f).
18
Let c(z) = 4*z**2 - 14*z + 45. Calculate the remainder when 222 is divided by c(5).
72
Suppose n + 2 = 0, -5*j - 4*n = -13 + 1. Suppose 0*v - 3 = -3*z - v, 0 = -5*z - j*v - 2. Suppose -40 = -3*w - z*w. What is the remainder when w is divided by 4?
0
Let l(v) = -7*v**2 + v + 1. Let q be l(-1). Let z(h) = -h - 17. Let x be z(q). Calculate the remainder when 42 is divided by -13 - x - (-1 + -13).
9
Suppose 4*z - 10 = 14. What is the remainder when 8 is divided by z?
2
Let d be (-20)/130 - 56/(-26). Suppose d*t = g - 40, -82 = -2*g + 3*t - 0*t. What 